me?
False
Suppose 0 = -3*m - n + 3448, m = 4*m + 5*n - 3428. Is m a composite number?
False
Suppose 3*p - 426 = 2*s, 850 = -4*s + p + 4*p. Let k be s/(-4) - 5/(-10). Suppose 0*f - 2*f + k = 5*l, 5*f = -4*l + 39. Is l prime?
True
Suppose 2*z - 262 - 1092 = 0. Is z composite?
False
Let h(o) = 2*o - 2. Let r be h(4). Suppose -5*f = -16 + r. Is f/(-4) + (-62)/(-4) prime?
False
Suppose 0*u = -5*z + 2*u + 2, -2*u = 2*z + 2. Let k(c) = -c**2 + 39. Is k(z) a prime number?
False
Suppose 2*g - 97 = 4*z - 3*z, -g = -z - 50. Let v = g + 20. Is v composite?
False
Suppose l - 3 = -1. Suppose 3*w - l*c - 12 = 0, 5*w - 5*c + 6 = 31. Suppose -w*y + 12 + 98 = 0. Is y a prime number?
False
Suppose -n - 1 = -2. Let u be 20 + (1 - (n + 0)). Suppose 3*g + u = 5*g. Is g composite?
True
Suppose m + 72 = -4*c - 3*m, 5*c + 4*m = -86. Let q = -26 - c. Is (-3)/q - 182/(-8) composite?
False
Let y(d) = -d**3 + 4*d**2 - 2*d. Let n be y(3). Suppose 0 = -n*q - q + 20. Suppose -2*v = r - 128 + 33, -q*r + 5*v + 415 = 0. Is r a prime number?
False
Let y be 300*1 - 0/1. Suppose 0*t - 3*t = y. Let s = 183 + t. Is s prime?
True
Suppose 2*o = 4*o - 40. Suppose 0 = 4*v - 5*n - 328, -2*n + o = 3*n. Is v prime?
False
Let a be 2 - (-1 - 0/1). Let y(g) = 2*g**2 - g - 2. Is y(a) prime?
True
Suppose 0 = -f - 3*f. Suppose f = -c + 2*c - 57. Is c a prime number?
False
Let t(l) = -73*l + 3. Is t(-2) composite?
False
Let p = -251 + 356. Suppose -11*h + p = -6*h. Is h a prime number?
False
Suppose -1 = -q, 4*q - 9 = -4*z - q. Is -11*(-1 + -1 + z) prime?
True
Let y(a) = -8*a - 11. Let r(f) = -f**3 - 5*f**2 - 4*f - 6. Let k be r(-4). Is y(k) a prime number?
True
Is (20 + -41)*23/(-3) composite?
True
Let f = -251 + 65. Let n = -121 - f. Is (-1)/(-2) + n/2 a prime number?
False
Let o(s) = -2*s**2 + 3*s - 1. Let w be o(3). Let v = w - -14. Is v a composite number?
True
Let q = 1683 - 776. Is q composite?
False
Suppose 7*g + 4 = 4*g + 2*k, 2*g = 4*k - 8. Suppose -485 = -g*o - 5*o. Is o a prime number?
True
Let g(m) = m**3 + 2*m**2 - 3*m + 2. Let j be g(-3). Let x(f) = -4 + 2 + j*f - f**3 + 6 + 3*f**2. Is x(3) prime?
False
Suppose 5*n - 4 = 6. Let o = 4 - n. Suppose -4*c + 116 - 20 = 4*s, -4*s + 100 = o*c. Is s prime?
False
Is 5808/10 - (-2)/10*1 prime?
False
Let d(k) = -5*k**3 - 3 + 0*k + 2 + 2*k. Suppose -2*q + 1 = 5. Is d(q) composite?
True
Let x = -161 - -244. Is x prime?
True
Suppose -459 + 1796 = 7*c. Is c prime?
True
Let x(h) = 8*h + 2. Let v be x(3). Suppose v = -2*w - 24. Let o = 58 + w. Is o prime?
False
Let i(z) = z**2 - 8*z + 5. Let t be i(8). Suppose -5*o + 5 = -t*x, 4*o - x - 11 = -4*x. Suppose 5*a - 3*a - 98 = b, a - 49 = o*b. Is a a prime number?
False
Let o(v) = 8*v**2 - v - 5. Let y = 9 + -7. Let m = y - 6. Is o(m) a composite number?
False
Suppose -865 = -5*x - 5*r, 3*x = -4*r + 604 - 80. Let u = x + -71. Is u a prime number?
True
Suppose 0*z = 3*r - 4*z - 245, 0 = 3*r - 5*z - 247. Let t = r + -32. Is t prime?
True
Suppose 4*f = -x + 374, -5*x - 5*f = -f - 1918. Let o = x - 129. Is o composite?
False
Is ((30120/16)/(-15))/((-2)/4) composite?
False
Let g(l) = -l**3 - l**2 - 2*l - 11. Is g(-6) a composite number?
False
Suppose -11509 = -3*r + 2*x, 0 = r + 5*x - 0*x - 3808. Is r a composite number?
False
Suppose 0*p + p - 113 = 5*k, 3*p - 2*k = 365. Is p a prime number?
False
Let j be 200/3 + 4/12. Is j - 0*2/(-8) prime?
True
Let u = 646 - 267. Is u a composite number?
False
Let x(a) = 2*a**2 - 12*a + 17. Is x(16) a prime number?
True
Let t(r) = 15*r + 10*r + 2 - r + 3*r. Is t(3) a prime number?
True
Let q be 2/(-6) + (-635)/(-15). Let v be q - (-2 - -6 - 2). Suppose v = 5*d + 5*a, 2*d + 2*d - 56 = 4*a. Is d composite?
False
Let q(u) = -32*u - 4. Let m be q(-4). Suppose -5*f = -4*d - 30, d + 5 = 3*f - 6. Suppose -f*h + m = 18. Is h a composite number?
False
Suppose 6*z = z. Suppose -4*v + 1346 = w, z = 5*v + 2*w - 2504 + 823. Is v prime?
True
Suppose 4*k = -4*b + 728, -k + 75 = -b - 103. Suppose k = a - 43. Is a composite?
False
Suppose -23*h + 18*h = -3985. Is h a composite number?
False
Let y = -2 - -5. Let a(b) = 7*b - 5. Let q(h) = h**2 - 15*h + 11. Let p(j) = y*q(j) + 5*a(j). Is p(7) a composite number?
True
Let h(n) be the first derivative of -3*n**2 + 4*n - 2. Let p be h(-7). Suppose -p = -2*s + s. Is s composite?
True
Let j be 3/1*(-1 - -10). Let l = j + -13. Is l prime?
False
Let p(m) = -m - 6. Let o be 6/15 - (-64)/(-10). Let l be p(o). Suppose l = -2*t - t + 33. Is t a composite number?
False
Suppose 3*m = -m. Suppose -2*o + 359 + 63 = m. Is o a prime number?
True
Let o(y) = -y**3 - y**2 + 281. Let c be o(0). Suppose 0 = -3*u - 2*r + c, -2*r = -3*u + r + 261. Is u a composite number?
True
Let z(r) = 41 + 2*r - r**2 - 44 - r**2 + 3*r**2. Is z(4) composite?
True
Let s(b) = b - 4. Let k be s(4). Suppose k = 3*w - 28 - 11. Is w a composite number?
False
Let x = 1263 + -900. Let g = x + 16. Is g prime?
True
Suppose -5*a = 2*a - 11137. Is a prime?
False
Is 120 + 6/(-3) - 3 prime?
False
Let k = -186 + 320. Is (-3 + 2)/((-2)/k) a prime number?
True
Let y = -216 + 394. Suppose 4*j + 4*z - 154 = 494, -y = -j - 5*z. Is j composite?
True
Let d = -2 + 6. Suppose 5*n - 82 = -3*w, d*n - 7 = w + 45. Is n composite?
True
Suppose 0*f - 3894 = -6*f. Is f a prime number?
False
Suppose -3762 = -5*a + 743. Is a a prime number?
False
Let t = -34 + -15. Let c = t - -82. Is c a composite number?
True
Let g be (12/(-9) - -1)*-153. Suppose -3*u = -189 + g. Suppose 3*t + u = 301. Is t a composite number?
True
Let q(n) = 3*n**3 - n**2 - n + 1. Let g(m) = -m**3 + 11*m**2 - 11*m + 12. Let w be g(10). Is q(w) prime?
True
Let c be (4 + (0 - 1))/1. Let j(p) = 8*p**3 - 6*p + 5. Is j(c) a prime number?
False
Suppose 2*d + 5*a = 1332, -8*d = -3*d - a - 3276. Suppose 4*m - d = 4*n, -2*m + 310 = 3*n + n. Is m composite?
True
Suppose -x = 4*x - 1110. Suppose -y + 337 = 2*y - 2*u, -2*y + 4*u + x = 0. Is y a prime number?
True
Suppose -6*k + 0*k + 348 = 0. Is k a composite number?
True
Suppose 3314 = 4*g - 2*g. Is g prime?
True
Suppose -2*g = 2*i - 4*g - 608, 12 = 4*g. Is i a composite number?
False
Suppose 11 = 2*i + 5. Suppose 2*g - 7*g + 85 = 0. Suppose -i*b + 128 = g. Is b a prime number?
True
Let k(c) = c**3 + 11*c**2 - c - 1. Let h be k(-10). Suppose -2*v + g = -h, -3*g = -2*v - 6*g + 113. Is v prime?
False
Suppose 0 = b - 4*n - 20, -5*b - 5*n + 12 = -3*n. Let u = 270 + -138. Suppose -b*p = -u - 0. Is p composite?
True
Let x = 57 + 28. Suppose 0*y = -5*y + 5*b + x, 2*y - 26 = -2*b. Is y a prime number?
False
Suppose -5*i = 0, 5*m - 3*m = i + 4. Suppose -m*b + 6 = 2. Suppose b + 45 = q. Is q prime?
True
Let k be (57/1)/((-3)/(-2)). Let y = k + -12. Is y prime?
False
Let l be 1194/2 + 0/(-6). Is (-2)/12 + l/18 composite?
True
Let n(p) = 2760*p + 7. Is n(1) prime?
True
Let q = 3 + 1. Let a(b) = 19*b - 6. Let s be a(q). Is 2/(-4)*s/(-5) composite?
False
Suppose 2*l - l - 3*p = 0, 3*p = -2*l + 9. Suppose 0 = 2*n - l*n + 59. Is n composite?
False
Let d = 229 + 524. Is d composite?
True
Suppose -l - 3*n - 156 = -5*l, 3*n = 3*l - 120. Suppose -l = j - 86. Suppose -d - 89 = -t, -2*d - j = -t + 43. Is t a composite number?
True
Is (-177)/(-2) - 5/(-10) a composite number?
False
Let i(n) = -322*n**2 - n + 6. Let j(s) = 645*s**2 + 3*s - 13. Let m(t) = -9*i(t) - 4*j(t). Is m(-1) composite?
True
Let x = 10 - 8. Suppose 3*g + x*g - 1325 = 0. Is g prime?
False
Let i = -31 + 98. Suppose d - i - 14 = 0. Suppose 0*c + 4*f + d = c, -2*c - 3*f = -151. Is c prime?
False
Is (7448/18 - (-2)/9) + 1 prime?
False
Is 30/(-135) + (-3802)/(-18) prime?
True
Let x = 376 + 33. Is x composite?
False
Let m = -3 - -7. Let w(l) = 17*l + 2. Let v be w(m). Suppose -4*g + 9*g - v = 0. Is g a prime number?
False
Let v(i) = -i**3 + 12*i**2 - 12*i - 8. Is v(9) composite?
False
Suppose -4*t - 3*b + 1717 = 104, 3*t - 2*b = 1231. Is t composite?
True
Suppose -30 = -7*b + 2*b. Suppose -b*t + 2*t = -776. Is t a composite number?
True
Is 1155/14 - ((-4)/2)/4 prime?
True
Is 1311/11 - 16/88 composite?
True
Is (6/(-24) - 7/(-12))*11499 a composite number?
False
Suppose 261 + 449 = 3*b + 2*y, -3*y - 720 = -3*b. Suppose -2*d = -4*d + b. Is d a composite number?
True
Let l = -90 - -368. Is l composite?
True
Let i(r) = 27*r**2 - 8*r - 13. Is i(-3) prime?
False